{"id":9,"date":"2020-03-10T10:02:10","date_gmt":"2020-03-10T10:02:10","guid":{"rendered":"http:\/\/www.arztpraxis-soernewitz.de\/?page_id=9"},"modified":"2026-02-02T10:37:59","modified_gmt":"2026-02-02T10:37:59","slug":"praxis","status":"publish","type":"page","link":"https:\/\/www.arztpraxis-soernewitz.de\/","title":{"rendered":"Praxis"},"content":{"rendered":"\n<p class=\"has-text-align-center has-text-color\" style=\"color:#526975\">Liebe Patientinnen, liebe Patienten,<br><\/p>\n\n\n\n<p class=\"has-text-align-center has-text-color\" style=\"color:#526975\">herzlich Willkommen auf der Homepage der haus\u00e4rztlichen Gemeinschaftspraxis Dr. Hennesthal und Dr. Hildebrandt &#8211; Fach\u00e4rztinnen f\u00fcr Innere Medizin.<\/p>\n\n\n\n<p class=\"has-text-align-center has-text-color\" style=\"color:#526975\">Der Schwerpunkt unserer Praxis ist die haus\u00e4rztliche Versorgung unserer Patientinnen und Patienten in allen Lebenslagen, dazu geh\u00f6ren Vorsorgeleistungen und Akutbehandlungen bis hin zur kontinuierlichen Betreuung von chronisch kranken Patienten\/-innen.<\/p>\n\n\n\n<p class=\"has-text-align-center has-text-color\" style=\"color:#526975\"> Um Ihre Versorgung so optimal wie m\u00f6glich gestalten zu k\u00f6nnen, beachten Sie bitte die Hinweise in unserem Flyer. Aktuelle Informationen finden Sie auch <a href=\"https:\/\/www.arztpraxis-soernewitz.de\/?page_id=356\">hier <\/a>auf unserer Homepage.<\/p>\n\n\n\n<p class=\"has-text-align-center has-text-color\" style=\"color:#526975\">Wir danken Ihnen f\u00fcr Ihr Vertrauen und freuen uns, Sie als Patientin oder Patienten betreuen zu d\u00fcrfen.<\/p>\n\n\n\n<div class=\"wp-block-group\"><div class=\"wp-block-group__inner-container is-layout-flow wp-block-group-is-layout-flow\">\n<figure class=\"wp-block-gallery has-nested-images columns-default is-cropped wp-block-gallery-1 is-layout-flex wp-block-gallery-is-layout-flex\">\n<figure class=\"wp-block-image size-large\"><img loading=\"lazy\" decoding=\"async\" width=\"480\" height=\"640\" data-id=\"196\" src=\"https:\/\/www.arztpraxis-soernewitz.de\/wp-content\/uploads\/2020\/08\/IMG_1814_bearb-1.jpg\" alt=\"\" class=\"wp-image-196\" srcset=\"https:\/\/www.arztpraxis-soernewitz.de\/wp-content\/uploads\/2020\/08\/IMG_1814_bearb-1.jpg 480w, https:\/\/www.arztpraxis-soernewitz.de\/wp-content\/uploads\/2020\/08\/IMG_1814_bearb-1-225x300.jpg 225w\" sizes=\"auto, (max-width: 480px) 100vw, 480px\" \/><\/figure>\n\n\n\n<figure class=\"wp-block-image size-large\"><img loading=\"lazy\" decoding=\"async\" width=\"480\" height=\"640\" data-id=\"197\" src=\"https:\/\/www.arztpraxis-soernewitz.de\/wp-content\/uploads\/2020\/08\/IMG_1819_bearb.jpg\" alt=\"\" class=\"wp-image-197\" srcset=\"https:\/\/www.arztpraxis-soernewitz.de\/wp-content\/uploads\/2020\/08\/IMG_1819_bearb.jpg 480w, https:\/\/www.arztpraxis-soernewitz.de\/wp-content\/uploads\/2020\/08\/IMG_1819_bearb-225x300.jpg 225w\" sizes=\"auto, (max-width: 480px) 100vw, 480px\" \/><\/figure>\n<\/figure>\n<\/div><\/div>\n\n\n\n<p>N\u00e4here Informationen zur Hausarztzentrierten Versorgung (HZV) in unserer Gemeinschaftspraxis finden Sie <a href=\"https:\/\/www.arztpraxis-soernewitz.de\/?page_id=352\">hier<\/a>.<\/p>\n\n\n<div class=\"wp-block-image is-resized\">\n<figure class=\"aligncenter size-large\"><a href=\"https:\/\/www.arztpraxis-soernewitz.de\/wp-content\/uploads\/2026\/02\/260202_Flyer.pdf\" target=\"_blank\" rel=\"noreferrer noopener\"><img loading=\"lazy\" decoding=\"async\" width=\"496\" height=\"124\" src=\"https:\/\/www.arztpraxis-soernewitz.de\/wp-content\/uploads\/2020\/03\/Praxisflyer.jpg\" alt=\"\" class=\"wp-image-96\" srcset=\"https:\/\/www.arztpraxis-soernewitz.de\/wp-content\/uploads\/2020\/03\/Praxisflyer.jpg 496w, https:\/\/www.arztpraxis-soernewitz.de\/wp-content\/uploads\/2020\/03\/Praxisflyer-300x75.jpg 300w\" sizes=\"auto, (max-width: 496px) 100vw, 496px\" \/><\/a><figcaption class=\"wp-element-caption\">Praxisflyer Download<\/figcaption><\/figure>\n<\/div>\n\n\n<p><\/p>\n","protected":false},"excerpt":{"rendered":"<p>Liebe Patientinnen, liebe Patienten, herzlich Willkommen auf der Homepage der haus\u00e4rztlichen Gemeinschaftspraxis Dr. Hennesthal und Dr. Hildebrandt &#8211; Fach\u00e4rztinnen f\u00fcr Innere Medizin. Der Schwerpunkt unserer Praxis ist die haus\u00e4rztliche Versorgung unserer Patientinnen und Patienten in allen Lebenslagen, dazu geh\u00f6ren Vorsorgeleistungen und Akutbehandlungen bis hin zur kontinuierlichen Betreuung von chronisch kranken Patienten\/-innen. Um Ihre Versorgung so [&hellip;]<\/p>\n","protected":false},"author":1,"featured_media":0,"parent":0,"menu_order":0,"comment_status":"closed","ping_status":"closed","template":"","meta":{"footnotes":""},"class_list":["post-9","page","type-page","status-publish","hentry","post-preview"],"_links":{"self":[{"href":"https:\/\/www.arztpraxis-soernewitz.de\/index.php?rest_route=\/wp\/v2\/pages\/9","targetHints":{"allow":["GET"]}}],"collection":[{"href":"https:\/\/www.arztpraxis-soernewitz.de\/index.php?rest_route=\/wp\/v2\/pages"}],"about":[{"href":"https:\/\/www.arztpraxis-soernewitz.de\/index.php?rest_route=\/wp\/v2\/types\/page"}],"author":[{"embeddable":true,"href":"https:\/\/www.arztpraxis-soernewitz.de\/index.php?rest_route=\/wp\/v2\/users\/1"}],"replies":[{"embeddable":true,"href":"https:\/\/www.arztpraxis-soernewitz.de\/index.php?rest_route=%2Fwp%2Fv2%2Fcomments&post=9"}],"version-history":[{"count":21,"href":"https:\/\/www.arztpraxis-soernewitz.de\/index.php?rest_route=\/wp\/v2\/pages\/9\/revisions"}],"predecessor-version":[{"id":590,"href":"https:\/\/www.arztpraxis-soernewitz.de\/index.php?rest_route=\/wp\/v2\/pages\/9\/revisions\/590"}],"wp:attachment":[{"href":"https:\/\/www.arztpraxis-soernewitz.de\/index.php?rest_route=%2Fwp%2Fv2%2Fmedia&parent=9"}],"curies":[{"name":"wp","href":"https:\/\/api.w.org\/{rel}","templated":true}]}}