{"id":416,"date":"2024-04-08T18:53:17","date_gmt":"2024-04-08T18:53:17","guid":{"rendered":"https:\/\/www.arztpraxis-soernewitz.de\/?page_id=416"},"modified":"2025-08-29T09:56:49","modified_gmt":"2025-08-29T09:56:49","slug":"elektronische-patientenakte","status":"publish","type":"page","link":"https:\/\/www.arztpraxis-soernewitz.de\/?page_id=416","title":{"rendered":"elektronische Patientenakte"},"content":{"rendered":"\n<p>Im Zuge der Digitalisierung haben Sie eine elektronische Patientenakte (ePA). Dazu lesen Sie bitte die Information zur Datenbef\u00fcllung, welche in der Praxis ausliegt und auf dieser Seite ebenfalls ver\u00f6ffentlicht wird. <\/p>\n\n\n\n<p>Zus\u00e4tzlich bieten wir Ihnen einen digitalen Rezeptbestellservice \u00fcber unsere Praxissoftware an, welcher die Medikamentenbestellung um vieles vereinfacht und auch die Kommunikation mit uns.<\/p>\n\n\n\n<p>Sprechen Sie uns dazu gern in der Sprechstunde an, wir helfen Ihnen bei der Einrichtung auf Ihrem Smartphone!<\/p>\n\n\n\n<p>Ebenso bietet unsere Praxis den digitalen Impfausweis an, den Sie immer auf dem Handy bei sich tragen und im Notfall jederzeit vorweisen k\u00f6nnen. Unser Praxisteam beantwortet Ihnen gern Ihre Fragen dazu und bitte bringen Sie Ihren Impfausweis gleich mit, damit wir ihn in unser System einpflegen k\u00f6nnen.<\/p>\n\n\n\n<p><\/p>\n\n\n\n<p><\/p>\n","protected":false},"excerpt":{"rendered":"<p>Im Zuge der Digitalisierung haben Sie eine elektronische Patientenakte (ePA). Dazu lesen Sie bitte die Information zur Datenbef\u00fcllung, welche in der Praxis ausliegt und auf dieser Seite ebenfalls ver\u00f6ffentlicht wird. Zus\u00e4tzlich bieten wir Ihnen einen digitalen Rezeptbestellservice \u00fcber unsere Praxissoftware an, welcher die Medikamentenbestellung um vieles vereinfacht und auch die Kommunikation mit uns. Sprechen Sie [&hellip;]<\/p>\n","protected":false},"author":1,"featured_media":568,"parent":0,"menu_order":0,"comment_status":"closed","ping_status":"closed","template":"","meta":{"footnotes":""},"class_list":["post-416","page","type-page","status-publish","has-post-thumbnail","hentry","post-preview"],"_links":{"self":[{"href":"https:\/\/www.arztpraxis-soernewitz.de\/index.php?rest_route=\/wp\/v2\/pages\/416","targetHints":{"allow":["GET"]}}],"collection":[{"href":"https:\/\/www.arztpraxis-soernewitz.de\/index.php?rest_route=\/wp\/v2\/pages"}],"about":[{"href":"https:\/\/www.arztpraxis-soernewitz.de\/index.php?rest_route=\/wp\/v2\/types\/page"}],"author":[{"embeddable":true,"href":"https:\/\/www.arztpraxis-soernewitz.de\/index.php?rest_route=\/wp\/v2\/users\/1"}],"replies":[{"embeddable":true,"href":"https:\/\/www.arztpraxis-soernewitz.de\/index.php?rest_route=%2Fwp%2Fv2%2Fcomments&post=416"}],"version-history":[{"count":8,"href":"https:\/\/www.arztpraxis-soernewitz.de\/index.php?rest_route=\/wp\/v2\/pages\/416\/revisions"}],"predecessor-version":[{"id":572,"href":"https:\/\/www.arztpraxis-soernewitz.de\/index.php?rest_route=\/wp\/v2\/pages\/416\/revisions\/572"}],"wp:featuredmedia":[{"embeddable":true,"href":"https:\/\/www.arztpraxis-soernewitz.de\/index.php?rest_route=\/wp\/v2\/media\/568"}],"wp:attachment":[{"href":"https:\/\/www.arztpraxis-soernewitz.de\/index.php?rest_route=%2Fwp%2Fv2%2Fmedia&parent=416"}],"curies":[{"name":"wp","href":"https:\/\/api.w.org\/{rel}","templated":true}]}}