{"id":390,"date":"2024-04-08T09:22:03","date_gmt":"2024-04-08T09:22:03","guid":{"rendered":"https:\/\/www.arztpraxis-soernewitz.de\/?page_id=390"},"modified":"2026-01-09T12:24:03","modified_gmt":"2026-01-09T12:24:03","slug":"oeffnungszeiten","status":"publish","type":"page","link":"https:\/\/www.arztpraxis-soernewitz.de\/?page_id=390","title":{"rendered":"\u00d6ffnungszeiten"},"content":{"rendered":"\n<p>Unsere Praxis hat zu folgenden Zeiten f\u00fcr Sie ge\u00f6ffnet:<\/p>\n\n\n\n<p><strong><mark style=\"background-color:rgba(0, 0, 0, 0)\" class=\"has-inline-color has-accent-color\">regul\u00e4re Sprechstunde:<\/mark><\/strong><\/p>\n\n\n\n<p>Mo. bis Fr. von 7:30 bis 11:00 Uhr<\/p>\n\n\n\n<p>Mittwoch von 7:00-11:00<\/p>\n\n\n\n<p>Mo. &amp; Do. von 15:00 bis 18:00 Uhr<\/p>\n\n\n\n<p><strong><mark style=\"background-color:rgba(0, 0, 0, 0)\" class=\"has-inline-color has-accent-color\">Akutsprechstunde:<\/mark><\/strong><\/p>\n\n\n\n<p>07:30 bis 08:30 Uhr und nach Vereinbarung<\/p>\n\n\n\n<p><strong><mark style=\"background-color:rgba(0, 0, 0, 0)\" class=\"has-inline-color has-accent-color\">Telefonsprechstunde:<\/mark><\/strong><\/p>\n\n\n\n<p>Mo. &amp; Do. von 18:00 bis 19:00 Uhr<\/p>\n\n\n\n<p><strong>TELEFON 03523 71530<\/strong><\/p>\n\n\n\n<p><\/p>\n\n\n\n<p><mark style=\"background-color:rgba(0, 0, 0, 0)\" class=\"has-inline-color has-accent-color\"><strong>Hausbesuche<\/strong> <\/mark>werden nach Vereinbarung durchgef\u00fchrt.<\/p>\n","protected":false},"excerpt":{"rendered":"<p>Unsere Praxis hat zu folgenden Zeiten f\u00fcr Sie ge\u00f6ffnet: regul\u00e4re Sprechstunde: Mo. bis Fr. von 7:30 bis 11:00 Uhr Mittwoch von 7:00-11:00 Mo. &amp; Do. von 15:00 bis 18:00 Uhr Akutsprechstunde: 07:30 bis 08:30 Uhr und nach Vereinbarung Telefonsprechstunde: Mo. &amp; Do. von 18:00 bis 19:00 Uhr TELEFON 03523 71530 Hausbesuche werden nach Vereinbarung durchgef\u00fchrt.<\/p>\n","protected":false},"author":1,"featured_media":0,"parent":0,"menu_order":0,"comment_status":"closed","ping_status":"closed","template":"","meta":{"footnotes":""},"class_list":["post-390","page","type-page","status-publish","hentry","post-preview"],"_links":{"self":[{"href":"https:\/\/www.arztpraxis-soernewitz.de\/index.php?rest_route=\/wp\/v2\/pages\/390","targetHints":{"allow":["GET"]}}],"collection":[{"href":"https:\/\/www.arztpraxis-soernewitz.de\/index.php?rest_route=\/wp\/v2\/pages"}],"about":[{"href":"https:\/\/www.arztpraxis-soernewitz.de\/index.php?rest_route=\/wp\/v2\/types\/page"}],"author":[{"embeddable":true,"href":"https:\/\/www.arztpraxis-soernewitz.de\/index.php?rest_route=\/wp\/v2\/users\/1"}],"replies":[{"embeddable":true,"href":"https:\/\/www.arztpraxis-soernewitz.de\/index.php?rest_route=%2Fwp%2Fv2%2Fcomments&post=390"}],"version-history":[{"count":5,"href":"https:\/\/www.arztpraxis-soernewitz.de\/index.php?rest_route=\/wp\/v2\/pages\/390\/revisions"}],"predecessor-version":[{"id":585,"href":"https:\/\/www.arztpraxis-soernewitz.de\/index.php?rest_route=\/wp\/v2\/pages\/390\/revisions\/585"}],"wp:attachment":[{"href":"https:\/\/www.arztpraxis-soernewitz.de\/index.php?rest_route=%2Fwp%2Fv2%2Fmedia&parent=390"}],"curies":[{"name":"wp","href":"https:\/\/api.w.org\/{rel}","templated":true}]}}